{"id":255,"date":"2015-03-23T21:36:26","date_gmt":"2015-03-23T20:36:26","guid":{"rendered":"http:\/\/www.ecolesaintjoseph.fr\/site\/?page_id=255"},"modified":"2026-08-25T17:21:46","modified_gmt":"2026-08-25T16:21:46","slug":"actualites-2","status":"publish","type":"page","link":"http:\/\/www.ecolesaintjoseph.fr\/?page_id=255","title":{"rendered":"Projet \u00e9ducatif de l&rsquo;\u00e9cole Saint Joseph"},"content":{"rendered":"\n<p>L\u2019\u00e9cole Saint-Joseph de Nogent-le-roi est un \u00e9tablissement catholique d\u2019enseignement priv\u00e9 sous contrat avec l\u2019Etat et sous tutelle des Soeurs de Saint Paul de Chartres, plus ancien institut missionnaire de femmes fond\u00e9 en 1696. &nbsp;<\/p>\n\n\n\n<p>Le projet \u00e9ducatif prend en compte l\u2019histoire de l\u2019\u00e9cole, les choix \u00e9ducatifs privil\u00e9gi\u00e9s par la Congr\u00e9gation des Soeurs de Saint-Paul de Chartres, notre tutelle, les statuts de l\u2019enseignement catholique ainsi que les r\u00e9flexions et propositions exprim\u00e9es par la communaut\u00e9 \u00e9ducative.&nbsp;<\/p>\n\n\n\n<p>Fid\u00e8les \u00e0 nos valeurs d\u2019internationale, de simplicit\u00e9 et d\u2019audace, notre projet \u00e9ducatif vise \u00e0 accompagner pleinement dans sa r\u00e9alisation chaque enfant qui nous est confi\u00e9 afin qu\u2019il puisse exprimer et d\u00e9velopper ses richesses et talents tout au long de son parcours scolaire.<\/p>\n\n\n\n<p>Ensemble, dans le respect du r\u00f4le de chacun, nous cultivons un esprit de famille, simple et en confiance, ouvert \u00e0 l\u2019international.<\/p>\n\n\n\n<div class=\"wp-block-columns is-layout-flex wp-container-core-columns-is-layout-9d6595d7 wp-block-columns-is-layout-flex\">\n<div class=\"wp-block-column is-layout-flow wp-block-column-is-layout-flow\" style=\"flex-basis:100%\">\n<figure class=\"wp-block-table\"><table class=\"has-fixed-layout\"><tbody><tr><td class=\"has-text-align-left\" data-align=\"left\"><br><strong><em>Nous, les enseignants <\/em><\/strong>:<br><br>&#8211; avons choisi l&rsquo;Enseignement Catholique,<br>&#8211; prenons le temps d&rsquo;\u00e9couter et de r\u00e9pondre aux besoins de tous les enfants et en particulier ceux qui sont en difficult\u00e9s,<br>&#8211; cr\u00e9ons et entretenons le dialogue avec les parents,<br>&#8211; ouvrons l&rsquo;\u00e9cole sur le monde ext\u00e9rieur,<br>&#8211; partageons nos exp\u00e9riences, nos connaissances et nos comp\u00e9tences en essayant de vivre au quotidien les valeurs \u00e9vang\u00e9liques, source des vraies valeurs humaines.<br><\/td><td class=\"has-text-align-left\" data-align=\"left\"><strong><em>Nous, les membres du personnel d&rsquo;\u00e9ducation et de service :<\/em><br><\/strong><br>&#8211; sommes membres, \u00e0 part enti\u00e8re de la Communaut\u00e9 Educative qui a besoin de nos comp\u00e9tences,<br>&#8211; sommes disponibles et accueillants,<br>&#8211; prenons le temps d&rsquo;\u00e9couter et de r\u00e9pondre aux besoins de tous les enfants,<br>&#8211; formons une \u00e9quipe \u00e9ducative unie avec les enseignantes.<\/td><\/tr><tr><td class=\"has-text-align-left\" data-align=\"left\"><em><strong>Nous, les enfants :<\/strong><\/em><br><em><br>&#8211; devenons responsables et autonomes,<br>&#8211; participons activement \u00e0 nos apprentissages,<br>&#8211; vivons l&rsquo;amiti\u00e9 entre nous,<br>&#8211; respectons les personnes, la nature, le mat\u00e9riel,<br>&#8211; cherchons toujours la v\u00e9rit\u00e9, la solidarit\u00e9 et la justice,<br>&#8211; d\u00e9veloppons le sens de l&rsquo;effort et les actions gratuites.<\/em><\/td><td class=\"has-text-align-left\" data-align=\"left\"><br><strong><em>Nous, les parents :<br><\/em><\/strong><br>&#8211; vivons en harmonie dans la Communaut\u00e9 Educative,<br>&#8211; sommes les \u00e9ducateurs premiers de nos enfants,<br>&#8211; participons \u00e0 leur d\u00e9veloppement humain, spirituel et scolaire,<br>&#8211; nous int\u00e9ressons \u00e0 la vie de l&rsquo;\u00e9cole,<br>&#8211; respectons le r\u00e8glement int\u00e9rieur que nous avons sign\u00e9.<br><\/td><\/tr><tr><td class=\"has-text-align-left\" data-align=\"left\"><br><em><strong>Nous, les animateurs en pastorale :<br><\/strong><\/em><br>&#8211; sommes la r\u00e9f\u00e9rence \u00e0 l&rsquo;\u00e9glise,<br>sommes en lien avec la paroisse, le secteur paroissial, le dioc\u00e8se et les Soeurs de Saint Paul de Chartres,<br>&#8211; proposons une culture religieuse un \u00e9veil \u00e0 la foi, une ouverture sur le monde.<br><\/td><td class=\"has-text-align-left\" data-align=\"left\"><em><strong>Nous, les gestionnaires :<\/strong><\/em><br><br>&#8211; sommes au service du Projet Educatif,<br>&#8211; adoptons les imp\u00e9ratifs de gestion aux priorit\u00e9s de ce Projet,<br>&#8211; int\u00e9grons la solidarit\u00e9 dans notre gestion.<br><\/td><\/tr><\/tbody><\/table><\/figure>\n<\/div>\n<\/div>\n\n\n\n<p>\u00c0 la cheffe d&rsquo;\u00e9tablissement, Mme STEPHO : la Congr\u00e9gation a confi\u00e9 la mission de mettre en place le Projet Educatif, de permettre \u00e0 chacun de donner le meilleur de soi-m\u00eame au service de tous dans l&rsquo;esprit de la Congr\u00e9gation des Soeurs de Saint-Paul de Chartres.<\/p>\n\n\n\n<p><\/p>\n","protected":false},"excerpt":{"rendered":"<p>L\u2019\u00e9cole Saint-Joseph de Nogent-le-roi est un \u00e9tablissement catholique d\u2019enseignement priv\u00e9 sous contrat avec l\u2019Etat et sous tutelle des Soeurs de &hellip; <\/p>\n","protected":false},"author":1,"featured_media":0,"parent":0,"menu_order":0,"comment_status":"closed","ping_status":"closed","template":"","meta":{"footnotes":""},"class_list":["post-255","page","type-page","status-publish","hentry"],"_links":{"self":[{"href":"http:\/\/www.ecolesaintjoseph.fr\/index.php?rest_route=\/wp\/v2\/pages\/255","targetHints":{"allow":["GET"]}}],"collection":[{"href":"http:\/\/www.ecolesaintjoseph.fr\/index.php?rest_route=\/wp\/v2\/pages"}],"about":[{"href":"http:\/\/www.ecolesaintjoseph.fr\/index.php?rest_route=\/wp\/v2\/types\/page"}],"author":[{"embeddable":true,"href":"http:\/\/www.ecolesaintjoseph.fr\/index.php?rest_route=\/wp\/v2\/users\/1"}],"replies":[{"embeddable":true,"href":"http:\/\/www.ecolesaintjoseph.fr\/index.php?rest_route=%2Fwp%2Fv2%2Fcomments&post=255"}],"version-history":[{"count":73,"href":"http:\/\/www.ecolesaintjoseph.fr\/index.php?rest_route=\/wp\/v2\/pages\/255\/revisions"}],"predecessor-version":[{"id":1600,"href":"http:\/\/www.ecolesaintjoseph.fr\/index.php?rest_route=\/wp\/v2\/pages\/255\/revisions\/1600"}],"wp:attachment":[{"href":"http:\/\/www.ecolesaintjoseph.fr\/index.php?rest_route=%2Fwp%2Fv2%2Fmedia&parent=255"}],"curies":[{"name":"wp","href":"https:\/\/api.w.org\/{rel}","templated":true}]}}

Projet éducatif de l&rsquo;école Saint Joseph

<p>L’école Saint-Joseph de Nogent-le-roi est un établissement catholique d’enseignement privé sous contrat avec l’Etat et sous tutelle des Soeurs de Saint Paul de Chartres, plus ancien institut missionnaire de femmes fondé en 1696. &nbsp;</p>



<p>Le projet éducatif prend en compte l’histoire de l’école, les choix éducatifs privilégiés par la Congrégation des Soeurs de Saint-Paul de Chartres, notre tutelle, les statuts de l’enseignement catholique ainsi que les réflexions et propositions exprimées par la communauté éducative.&nbsp;</p>



<p>Fidèles à nos valeurs d’internationale, de simplicité et d’audace, notre projet éducatif vise à accompagner pleinement dans sa réalisation chaque enfant qui nous est confié afin qu’il puisse exprimer et développer ses richesses et talents tout au long de son parcours scolaire.</p>



<p>Ensemble, dans le respect du rôle de chacun, nous cultivons un esprit de famille, simple et en confiance, ouvert à l’international.</p>



<div class="wp-block-columns is-layout-flex wp-container-core-columns-is-layout-9d6595d7 wp-block-columns-is-layout-flex">
<div class="wp-block-column is-layout-flow wp-block-column-is-layout-flow" style="flex-basis:100%">
<figure class="wp-block-table"><table class="has-fixed-layout"><tbody><tr><td class="has-text-align-left" data-align="left"><br><strong><em>Nous, les enseignants </em></strong>:<br><br>&#8211; avons choisi l&rsquo;Enseignement Catholique,<br>&#8211; prenons le temps d&rsquo;écouter et de répondre aux besoins de tous les enfants et en particulier ceux qui sont en difficultés,<br>&#8211; créons et entretenons le dialogue avec les parents,<br>&#8211; ouvrons l&rsquo;école sur le monde extérieur,<br>&#8211; partageons nos expériences, nos connaissances et nos compétences en essayant de vivre au quotidien les valeurs évangéliques, source des vraies valeurs humaines.<br></td><td class="has-text-align-left" data-align="left"><strong><em>Nous, les membres du personnel d&rsquo;éducation et de service :</em><br></strong><br>&#8211; sommes membres, à part entière de la Communauté Educative qui a besoin de nos compétences,<br>&#8211; sommes disponibles et accueillants,<br>&#8211; prenons le temps d&rsquo;écouter et de répondre aux besoins de tous les enfants,<br>&#8211; formons une équipe éducative unie avec les enseignantes.</td></tr><tr><td class="has-text-align-left" data-align="left"><em><strong>Nous, les enfants :</strong></em><br><em><br>&#8211; devenons responsables et autonomes,<br>&#8211; participons activement à nos apprentissages,<br>&#8211; vivons l&rsquo;amitié entre nous,<br>&#8211; respectons les personnes, la nature, le matériel,<br>&#8211; cherchons toujours la vérité, la solidarité et la justice,<br>&#8211; développons le sens de l&rsquo;effort et les actions gratuites.</em></td><td class="has-text-align-left" data-align="left"><br><strong><em>Nous, les parents :<br></em></strong><br>&#8211; vivons en harmonie dans la Communauté Educative,<br>&#8211; sommes les éducateurs premiers de nos enfants,<br>&#8211; participons à leur développement humain, spirituel et scolaire,<br>&#8211; nous intéressons à la vie de l&rsquo;école,<br>&#8211; respectons le règlement intérieur que nous avons signé.<br></td></tr><tr><td class="has-text-align-left" data-align="left"><br><em><strong>Nous, les animateurs en pastorale :<br></strong></em><br>&#8211; sommes la référence à l&rsquo;église,<br>sommes en lien avec la paroisse, le secteur paroissial, le diocèse et les Soeurs de Saint Paul de Chartres,<br>&#8211; proposons une culture religieuse un éveil à la foi, une ouverture sur le monde.<br></td><td class="has-text-align-left" data-align="left"><em><strong>Nous, les gestionnaires :</strong></em><br><br>&#8211; sommes au service du Projet Educatif,<br>&#8211; adoptons les impératifs de gestion aux priorités de ce Projet,<br>&#8211; intégrons la solidarité dans notre gestion.<br></td></tr></tbody></table></figure>
</div>
</div>



<p>À la cheffe d&rsquo;établissement, Mme STEPHO : la Congrégation a confié la mission de mettre en place le Projet Educatif, de permettre à chacun de donner le meilleur de soi-même au service de tous dans l&rsquo;esprit de la Congrégation des Soeurs de Saint-Paul de Chartres.</p>



<p></p>

<p>L’école Saint-Joseph de Nogent-le-roi est un établissement catholique d’enseignement privé sous contrat avec l’Etat et sous tutelle des Soeurs de &hellip; </p>
