{"id":844,"date":"2023-10-16T21:01:20","date_gmt":"2023-10-16T20:01:20","guid":{"rendered":"http:\/\/www.ecolesaintjoseph.fr\/?page_id=844"},"modified":"2024-02-08T12:10:44","modified_gmt":"2024-02-08T11:10:44","slug":"notre-projet-danimation-pastorale","status":"publish","type":"page","link":"http:\/\/www.ecolesaintjoseph.fr\/?page_id=844","title":{"rendered":"Notre projet d&rsquo;animation pastorale"},"content":{"rendered":"\n<div class=\"wp-block-media-text is-stacked-on-mobile is-vertically-aligned-center\"><figure class=\"wp-block-media-text__media\"><img loading=\"lazy\" decoding=\"async\" width=\"1024\" height=\"683\" src=\"http:\/\/www.ecolesaintjoseph.fr\/wp-content\/uploads\/2024\/01\/enfants-se-preparent-pour-leur-premiere-communion-1024x683.jpeg\" alt=\"\" class=\"wp-image-917 size-full\" srcset=\"http:\/\/www.ecolesaintjoseph.fr\/wp-content\/uploads\/2024\/01\/enfants-se-preparent-pour-leur-premiere-communion-1024x683.jpeg 1024w, http:\/\/www.ecolesaintjoseph.fr\/wp-content\/uploads\/2024\/01\/enfants-se-preparent-pour-leur-premiere-communion-300x200.jpeg 300w, http:\/\/www.ecolesaintjoseph.fr\/wp-content\/uploads\/2024\/01\/enfants-se-preparent-pour-leur-premiere-communion-768x512.jpeg 768w, http:\/\/www.ecolesaintjoseph.fr\/wp-content\/uploads\/2024\/01\/enfants-se-preparent-pour-leur-premiere-communion-1536x1024.jpeg 1536w, http:\/\/www.ecolesaintjoseph.fr\/wp-content\/uploads\/2024\/01\/enfants-se-preparent-pour-leur-premiere-communion-2048x1365.jpeg 2048w\" sizes=\"auto, (max-width: 1024px) 100vw, 1024px\" \/><\/figure><div class=\"wp-block-media-text__content\">\n<p>L&rsquo;Ecole Saint-Jospeh de Nogent-le-Roi &nbsp;est un \u00e9tablissement catholique sous tutelle des Soeurs de Saint-Paul de Chartres. Ouvert \u00e0 tous, il s&rsquo;inscrit dans la ligne de l&rsquo;Enseignement Catholique pour faire vivre les valeurs \u00e9vang\u00e9liques et permettre \u00e0 chacun de grandir dans sa foi et dans la respect mutuel.<\/p>\n<\/div><\/div>\n\n\n<\/p>\n<p>D\u00e8s la maternelle, des temps d\u2019\u00e9veil \u00e0 la foi sont v\u00e9cus dans les classes ou collectivement. Chaque nouvelle ann\u00e9e scolaire d\u00e9marre sous le regard bienveillant de Dieu et de tous \u00e0 travers la C\u00e9l\u00e9bration de rentr\u00e9e et la b\u00e9n\u00e9diction des cartables. La joie de No\u00ebl est c\u00e9l\u00e9br\u00e9e tous ensemble, apr\u00e8s un parcours qui permet de se familiariser avec la signification et le sens de cette f\u00eate. A P\u00e2ques, ou lors des autres f\u00eates, selon l\u2019\u00e2ge des enfants, une explication est donn\u00e9e, toujours li\u00e9e au sens que rev\u00eatent ces temps pour les chr\u00e9tiens, dans le respect des consciences.\u00a0<\/p>\n<p>La commission pastorale est compos\u00e9e des Soeurs de Saint Paul de Chartres, du chef d&rsquo;\u00e9tablissement, d&rsquo;enseignants, du pr\u00eatre de la paroisse Don Ren\u00e9 Fran\u00e7ois et de parents volontaires. Elle se r\u00e9unit plusieurs fois dans l&rsquo;ann\u00e9e pour r\u00e9fl\u00e9chir et pr\u00e9parer les temps forts.<\/p>\n<p>C&rsquo;est en s&rsquo;\u00e9toffant et se renouvellent que cette commission s&rsquo;enrichit : rejoignez-nous !<\/p>\n<p>Enfin, \u00e0 partir du CE2, le cat\u00e9chisme est propos\u00e9 en dehors du temps scolaire en lien avec la Paroisse Sainte-Jeanne de France.<\/p>\n\n\n<div class=\"wp-block-media-text is-stacked-on-mobile\" style=\"grid-template-columns:23% auto\"><figure class=\"wp-block-media-text__media\"><a href=\"https:\/\/paroisse-nogent-le-roi.com\/index.php\/catechisme\/\"><img loading=\"lazy\" decoding=\"async\" width=\"353\" height=\"353\" src=\"http:\/\/www.ecolesaintjoseph.fr\/wp-content\/uploads\/2024\/01\/cropped-logo-bleu-1-2.jpg\" alt=\"\" class=\"wp-image-930 size-full\" srcset=\"http:\/\/www.ecolesaintjoseph.fr\/wp-content\/uploads\/2024\/01\/cropped-logo-bleu-1-2.jpg 353w, http:\/\/www.ecolesaintjoseph.fr\/wp-content\/uploads\/2024\/01\/cropped-logo-bleu-1-2-300x300.jpg 300w, http:\/\/www.ecolesaintjoseph.fr\/wp-content\/uploads\/2024\/01\/cropped-logo-bleu-1-2-150x150.jpg 150w, http:\/\/www.ecolesaintjoseph.fr\/wp-content\/uploads\/2024\/01\/cropped-logo-bleu-1-2-70x70.jpg 70w, http:\/\/www.ecolesaintjoseph.fr\/wp-content\/uploads\/2024\/01\/cropped-logo-bleu-1-2-246x246.jpg 246w, http:\/\/www.ecolesaintjoseph.fr\/wp-content\/uploads\/2024\/01\/cropped-logo-bleu-1-2-276x276.jpg 276w, http:\/\/www.ecolesaintjoseph.fr\/wp-content\/uploads\/2024\/01\/cropped-logo-bleu-1-2-125x125.jpg 125w\" sizes=\"auto, (max-width: 353px) 100vw, 353px\" \/><\/a><\/figure><div class=\"wp-block-media-text__content\">\n<p><\/p>\n<\/div><\/div>\n","protected":false},"excerpt":{"rendered":"<p>L&rsquo;Ecole Saint-Jospeh de Nogent-le-Roi &nbsp;est un \u00e9tablissement catholique sous tutelle des Soeurs de Saint-Paul de Chartres. Ouvert \u00e0 tous, il &hellip; <\/p>\n","protected":false},"author":1,"featured_media":0,"parent":0,"menu_order":0,"comment_status":"closed","ping_status":"closed","template":"","meta":{"footnotes":""},"class_list":["post-844","page","type-page","status-publish","hentry"],"_links":{"self":[{"href":"http:\/\/www.ecolesaintjoseph.fr\/index.php?rest_route=\/wp\/v2\/pages\/844","targetHints":{"allow":["GET"]}}],"collection":[{"href":"http:\/\/www.ecolesaintjoseph.fr\/index.php?rest_route=\/wp\/v2\/pages"}],"about":[{"href":"http:\/\/www.ecolesaintjoseph.fr\/index.php?rest_route=\/wp\/v2\/types\/page"}],"author":[{"embeddable":true,"href":"http:\/\/www.ecolesaintjoseph.fr\/index.php?rest_route=\/wp\/v2\/users\/1"}],"replies":[{"embeddable":true,"href":"http:\/\/www.ecolesaintjoseph.fr\/index.php?rest_route=%2Fwp%2Fv2%2Fcomments&post=844"}],"version-history":[{"count":7,"href":"http:\/\/www.ecolesaintjoseph.fr\/index.php?rest_route=\/wp\/v2\/pages\/844\/revisions"}],"predecessor-version":[{"id":987,"href":"http:\/\/www.ecolesaintjoseph.fr\/index.php?rest_route=\/wp\/v2\/pages\/844\/revisions\/987"}],"wp:attachment":[{"href":"http:\/\/www.ecolesaintjoseph.fr\/index.php?rest_route=%2Fwp%2Fv2%2Fmedia&parent=844"}],"curies":[{"name":"wp","href":"https:\/\/api.w.org\/{rel}","templated":true}]}}